 g(n) = 8*n**2 + 953*n - 597. Determine g(-121).
1218
Let l(m) = -2*m**3 - 470*m**2 - 945*m - 20. Determine l(-2).
6
Let a(b) = -7272*b - 43766. Give a(-6).
-134
Let i(m) = -m**3 - m**2 - 5*m - 138. Calculate i(-7).
191
Let v(a) = -149*a**2 - 322*a - 180. What is v(0)?
-180
Let q(w) = w**3 + 27*w**2 + 25*w - 1568. Determine q(-20).
732
Let h(f) = 2*f**3 + 612*f**2 - f - 418. Calculate h(0).
-418
Let j(g) = g**3 + 32*g**2 + 113*g - 196. Determine j(-7).
238
Let w(b) = 26111*b + 26074. Calculate w(-1).
-37
Let d(o) = -6182*o**2 + 24722*o + 19. Determine d(4).
-5
Let a(i) = 6*i**3 - 129*i**2 + 696*i - 22. What is a(11)?
11
Let l(h) = 20651*h + 37. Determine l(0).
37
Let v(t) = 5*t**2 + 22*t - 944. Give v(17).
875
Let j(m) = -42*m**2 + 610*m + 298. What is j(15)?
-2
Let u(p) = p**2 + 800*p - 43433. Give u(51).
-32
Let g(a) = -56*a**2 - 2*a + 5. What is g(1)?
-53
Let m(g) = g**3 - 5*g**2 - 335*g + 609. What is m(20)?
-91
Let x(p) = -2*p**2 - 654*p + 56504. Calculate x(71).
-12
Let m(l) = 16*l**3 - 119*l**2 + 40*l - 109. Give m(7).
-172
Let y(w) = -88552*w + 40202610. Give y(454).
2
Let l(d) = -d**3 + 105*d**2 - 2749*d - 348. Determine l(51).
-93
Let a(m) = -42192*m + 253426. Determine a(6).
274
Let g(h) = 41490*h + 456386. Determine g(-11).
-4
Let d(h) = 10*h**3 - 169*h**2 - 5925*h + 100430. Determine d(17).
-6
Let z(a) = 89*a**2 + 6861*a + 5. Calculate z(-77).
-611
Let d(g) = -17699*g - 495579. Give d(-28).
-7
Let t(i) = 140*i**2 - 15*i - 47. What is t(0)?
-47
Let f(n) = 130*n**2 - 762*n - 26. Calculate f(6).
82
Let o(w) = -w**3 + 173*w**2 - 487*w - 448. Calculate o(170).
3462
Let k(u) = 123022*u - 2337319. What is k(19)?
99
Let o(l) = -1004*l - 6834. Calculate o(-7).
194
Let u(k) = k**3 + 31*k**2 + 318*k + 3224. Give u(-22).
584
Let c(w) = 2*w**2 + 58*w + 1036. Determine c(-17).
628
Let q(c) = 265*c - 12469. Calculate q(47).
-14
Let s(j) = -1638*j + 45650. Give s(29).
-1852
Let p(z) = -14*z**2 - 3274*z - 6024. Determine p(-232).
8
Let i(c) = 14*c**2 + 340*c + 212. What is i(-23)?
-202
Let h(y) = -2916*y + 6289. Calculate h(2).
457
Let a(i) = i**2 - 182*i - 218310. Give a(-385).
-15
Let i(u) = -240*u - 777. Determine i(-7).
903
Let u(i) = -69*i - 19198. What is u(-278)?
-16
Let b(i) = i**3 - 19*i**2 - 252*i + 188. What is b(-10)?
-192
Let q(x) = x**3 + 8*x**2 + 14*x - 111. Give q(0).
-111
Let j(k) = -1330*k - 368309. Determine j(-277).
101
Let j(q) = q**2 - 219*q + 11978. Give j(110).
-12
Let r(q) = -q**3 - 6*q**2 + 19*q + 2. Calculate r(4).
-82
Let h(i) = 2*i**3 + 93*i**2 + 822*i + 590. Give h(-35).
-5
Let p(g) = 209*g**2 + 5045*g - 13. Determine p(-24).
-709
Let k(h) = 6215*h + 99437. What is k(-16)?
-3
Let f(l) = -l**3 - 35*l**2 + 1570*l + 54537. Determine f(-34).
1
Let y(w) = 83*w**2 - 9734*w - 47830. Calculate y(122).
-6
Let m(g) = 6*g**3 + 538*g**2 + 354*g - 236. What is m(-89)?
-58
Let t(n) = -89862*n + 718881. Give t(8).
-15
Let y(z) = z**3 + 71*z**2 - 853*z - 4461. What is y(-4)?
23
Let t(r) = r**2 + 140692*r + 1125487. Determine t(-8).
15
Let t(n) = -n**2 - 916*n - 16418. Give t(-18).
-254
Let l(h) = 179031*h - 536994. Give l(3).
99
Let q(d) = -d**3 - 73*d**2 + 1537*d - 27. Determine q(-90).
-657
Let o(j) = -66*j - 673. Give o(3).
-871
Let p(d) = 1626*d + 17450. Calculate p(-11).
-436
Let w(s) = 932*s + 41002. Give w(-44).
-6
Let u(o) = -21*o**2 - 64*o + 303. Give u(5).
-542
Let y(k) = k**2 - 3865*k - 116844. Calculate y(-30).
6
Let z(h) = 49191*h - 639005. Calculate z(13).
478
Let w(k) = -2*k**3 + 185*k**2 - 274*k - 31. What is w(91)?
-122
Let x(o) = -10259*o + 92346. Determine x(9).
15
Let h(j) = -2*j**3 + 161*j**2 + 18*j - 7888. Determine h(80).
-48
Let h(a) = -a**3 - 497*a**2 + 332*a - 332335. Determine h(-499).
-1
Let r(q) = 2*q**2 + 326*q - 16269. Give r(42).
951
Let w(v) = -1901*v**2 - 457*v - 461. Determine w(-1).
-1905
Let s(m) = 6514597*m + 13029202. Determine s(-2).
8
Let g(s) = s**2 + 161*s + 4595. Calculate g(-37).
7
Let i(v) = -v**2 - 44*v - 107. Calculate i(32).
-2539
Let v(q) = -q**3 - 9*q**2 + 206*q - 818. What is v(-21)?
148
Let h(z) = 395542*z - 395566. Give h(1).
-24
Let z(p) = -2970*p - 463321. Determine z(-156).
-1
Let a(d) = d**3 - 141*d**2 + 4329*d + 3894. Determine a(95).
-1
Let o(z) = 13*z**3 - 336*z**2 - 107*z + 1488. What is o(26)?
58
Let o(x) = -2*x**3 + 76*x**2 + 48*x + 1761. Determine o(39).
591
Let t(d) = -3658*d + 76833. Give t(21).
15
Let r(t) = 9131*t - 118548. What is r(13)?
155
Let v(s) = -s**2 + 35361*s - 6962267. Give v(198).
7
Let q(v) = 4*v**3 - 49*v**2 - 73*v - 340. Calculate q(14).
10
Let x(d) = -2*d**2 + 167*d + 1521. What is x(-9)?
-144
Let m(a) = 420*a**2 + 92*a - 77. Determine m(1).
435
Let b(p) = 25885*p - 698875. Calculate b(27).
20
Let h(m) = -66*m + 805. Give h(25).
-845
Let d(x) = -2*x**3 - 14*x**2 + 5*x - 21. Determine d(-8).
67
Let s(z) = -13*z**2 - 182*z - 7. Calculate s(-15).
-202
Let w(r) = 30*r**2 - 268*r + 435. What is w(8)?
211
Let w(s) = 172*s**2 - 506*s - 6. Calculate w(3).
24
Let b(o) = -3235*o - 404418. Give b(-125).
-43
Let u(m) = -m**3 + 8*m**2 + 344*m - 64. Determine u(-16).
576
Let c(m) = -2755*m**2 - 38568*m + 29. Calculate c(-14).
1
Let t(p) = -9*p**2 - 1304*p + 4018. Calculate t(-148).
-126
Let v(s) = 35*s**2 - 1032*s - 6762. Calculate v(35).
-7
Let h(o) = -569001*o + 569005. What is h(1)?
4
Let t(b) = b**2 + 56*b + 571. Give t(-22).
-177
Let p(m) = m**3 + 1169*m**2 + 22964*m - 312. Determine p(-20).
8
Let p(t) = -8*t**2 + 1425*t + 10356. Calculate p(-7).
-11
Let b(q) = q**2 + 141481*q - 6368668. Give b(45).
2
Let p(r) = r**3 + 149*r**2 + 3654*r - 353. What is p(-118)?
119
Let d(r) = -r**3 - 246*r**2 - 10386*r - 997. What is d(-54)?
-25
Let h(t) = 3*t**2 - 13490*t - 1534347. Give h(-111).
6
Let y(x) = 1555*x - 69969. What is y(45)?
6
Let p(s) = -s**2 + 101*s + 4587. Give p(-51).
-3165
Let a(t) = 362*t**2 - 912*t - 87. What is a(5)?
4403
Let o(v) = 470*v**3 + 1877*v**2 + 17*v + 38. What is o(-4)?
-78
Let v(j) = -j**3 + 317*j**2 - 519*j + 64140. What is v(316)?
-8
Let z(x) = 170*x**3 - 546*x + 1087. What is z(2)?
1355
Let s(a) = 115*a - 573. Determine s(7).
232
Let i(z) = -37607*z**2 + 225650*z - 24. What is i(6)?
24
Let g(n) = n**3 + 515*n**2 - 42926*n - 1234. What is g(-588)?
-58
Let l(n) = 27892*n - 167609. What is l(6)?
-257
Let n(j) = -24097*j - 10144856. Determine n(-421).
-19
Let c(a) = a**3 - 63*a**2 + 722*a - 32524. Calculate c(60).
-4
Let n(m) = -m**2 - 341*m - 24095. Determine n(-241).
5
Let v(j) = -9*j**2 - 10938*j - 151345. What is v(-14)?
23
Let k(i) = 2*i**2 - 113489*i - 908032. Determine k(-8).
8
Let x(d) = -4*d**3 + 30*d**2 + 50*d - 343. What is x(8)?
-71
Let a(p) = -231*p - 203. Determine a(3).
-896
Let c(b) = -b**2 - 5206*b + 732033. Determine c(137).
42
Let l(g) = g**2 + 128*g - 49019. Determine l(-295).
246
Let k(a) = -a**2 - 5848*a - 81673. Determine k(-14).
3
Let c(r) = 17*r**2 - 590*r - 1752. Calculate c(39).
1095
Let p(j) = -2*j**3 - 77*j**2 - 131*j + 9132. Give p(-32).
12
Let u(h) = h**3 + 79*h**2 + 79*h + 85. Determine u(-78).
7
Let x(g) = 652*g + 275816. Give x(-423).
20
Let o(b) = -3*b**3 - 28*b**2 - 30*b - 298. What is o(-9)?
-109
Let v(x) = -8833*x - 229306. What is v(-26)?
352
Let n(i) = i**3 + 10*i**2 + 17*i + 280. Determine n(-11).
-28
Let a(z) = -6255*z + 300238. Determine a(48).
-2
Let m(g) = 324*g + 51064. Determine m(-157).
196
Let y(o) = 61*o**3 - 11*o**2 + 11*o + 2. What is y(3)?
1583
Let z(a) = 69*a**3 - 8*a**2 + 9*a + 56. Determine z(-4).
-4524
Let c(l) = -6956*l + 452142. Give c(65).
2
Let f(d) = -d**3 - 373*d**2 + 15636*d + 7390. Give f(-411).
-8
Let r(y) = -390904*y - 781815. Give r(-2).
-7
Let x(j) = 7522*j + 669446. Calculate x(-89).
-12
Let m(a) = 13387*a + 348072. What is m(-26)?
10
Let x(a) = -5*a**2 - 4873*a - 9742. Calculate x(-2).
-16
Let j(s) = 4*s**2 + 51840*s - 207371. Calculate j(4).
53
Let t(f) = 2703*f + 138300. Give t(-51).
447
Let o(i) = 4411*i - 22740. What is o(5)?
-685
Let b(l) = l**3 - 36*l**2 + 383*l - 909. What is b(15)?
111
Let s(a) = 3*a**3 + 70*a**2 + 262*a - 474. What is s(-18)?
-6
Let c(v) = 5230924*v - 26154608. Determine c(5).
12
Let t(s) = -196116*s - 16669851. Calculate t(-85).
9
Let r(x) = -2*x**2 + 1624*x + 14808. Calculate r(-9).
30
Let u(b) = 1118*b - 380113. Give u(340).
7
Let z(d) = 4